osite?
True
Suppose -65*b + 450552 + 411283 = 0. Is b prime?
True
Is 10/105 + (-4593608)/(-168) composite?
True
Suppose -3*b = -4*b + 12. Let j be (-7)/(3*4/b). Is (-2)/j + 12414/14 a composite number?
False
Suppose -1 = -0*b - b. Is (b/3)/(4/1428) prime?
False
Let z = 46 - -52. Suppose -95*i = -98*i - 135. Let t = z + i. Is t a composite number?
False
Let o be (2 - 0 - -5)*1. Suppose -n + 4*w - 2 = -o, w = -5*n - 17. Is n + 207 - (1 - 0) a composite number?
True
Let l = 70311 + -34060. Is l a composite number?
False
Let x = 2550 + -600. Suppose c - 1966 = -3*l, 0 = -2*c + c + l + x. Suppose -3*z = -5*q + c, -48 = -2*q + 5*z + 745. Is q a composite number?
False
Let l(r) = -r**2 - 6*r + 2. Let c be l(-6). Let z(n) = -14 + 3*n - 3 - c*n + 94. Is z(0) a prime number?
False
Let h = 412 - 159. Let x = 5 + 45. Let u = h - x. Is u composite?
True
Suppose -o + 2 = -0*o. Let c be (o/2)/((-1)/(-5)). Suppose -c*p + 102 = -163. Is p composite?
False
Suppose 1 - 21 = 5*f, -111 = 5*s + 4*f. Let o = s + 26. Let r(u) = 9*u + 16. Is r(o) composite?
False
Suppose 2*f + 9 = -7*f. Is ((2/(-3))/f)/((-2)/(-6999)) prime?
True
Suppose 187*g = 216*g - 348203. Is g a composite number?
False
Let g(u) = u - 9. Suppose 2*s + 2 - 12 = 0. Let v be g(s). Is ((-1078)/(-21))/(v/(-6)) composite?
True
Let v = -921 + 1858. Is v a composite number?
False
Suppose 2 - 3 = -j. Let d(r) = 287*r**2 - r + 1. Is d(j) composite?
True
Let s = 0 - -3. Suppose 2981 = 4*n + 2*w + 715, -5*n = s*w - 2834. Is n a composite number?
True
Suppose 3*r - 32 = -2. Suppose 5*s + 40 = r*s. Is 6/(-24) - (-2074)/s prime?
False
Suppose -3*d - 10 + 4 = 0, 3*i = 4*d + 17951. Is i composite?
False
Let c(s) = s**2 - 17*s - 4. Let p be c(18). Is (4016/(-28))/((-4)/p) a composite number?
True
Let o(i) = i**2 - 2*i + 7. Let k be o(0). Suppose -k*p + 8*p - 131 = 0. Is p composite?
False
Let d(a) = -9*a**2 - 29*a + 21. Let y be d(16). Let f = 1752 - y. Is f a composite number?
True
Is 1/(-3) + ((-67688)/(-24) - 1) composite?
False
Suppose 2 = b - 6. Suppose -4*c - 3708 = -b*c. Let q = c - 620. Is q a prime number?
True
Let g = 146264 + -73275. Is g a prime number?
False
Let x = 1153 - 590. Is x prime?
True
Let y = 1818 - -515. Is y composite?
False
Let u(r) = 69*r + 3. Suppose 0*f - 6 = -f. Is u(f) a composite number?
True
Suppose -32*p + 1136585 = 21*p. Is p composite?
True
Suppose -2*l - 3*x + 41 = 0, 0 = -x + 3*x - 6. Is ((-307)/(-2))/(l/32) composite?
False
Let m(t) be the second derivative of 2*t**4/3 + t**3/6 + 2*t**2 + 8*t. Let h be ((-2)/(-3))/((-6)/18). Is m(h) a composite number?
True
Let v = 92 + -94. Is (-4 - -3)/(v/1916) a prime number?
False
Suppose -5543 = -3*k - 2*i, 0 = 5*k - 2*k - 5*i - 5536. Is k prime?
True
Suppose -2*v + 6 = 2. Suppose v*r = 7*r - 1175. Suppose 3*q = g + 719, g - r = -q - g. Is q a prime number?
True
Let f(n) = -n**3 - 3*n**2 + 4*n + 2. Let a be f(-4). Suppose c - a + 3 = 0, b + 2*c - 46 = 0. Is ((-1594)/8)/((-12)/b) a composite number?
False
Let q(d) = 1 + 8*d + d**3 + 5*d**2 - 3*d + 10*d**2. Is q(-12) a composite number?
False
Let j(k) be the third derivative of k**6/120 - k**5/15 + k**4/12 - k**3/6 - 7*k**2. Let d be j(3). Is 1/d - (-2036)/16 prime?
True
Suppose -3*a - 5*r = -12, 3*a - 3*r = -6*r + 6. Is (-6312)/(-10) - a/(-5) composite?
False
Let i(p) = -7*p**3 - 21*p**2 + 18*p - 37. Is i(-15) a prime number?
True
Let g = 1013 + -603. Suppose -4*p - g = -6*p. Is p prime?
False
Let a(u) = 2*u**2 - u - 14. Let j = 20 - 33. Is a(j) a composite number?
False
Suppose 5*v - 4*v - 3*g - 20 = 0, 0 = 4*v + 4*g. Suppose 2*t - 4 = v*o - 27, 5 = t + 3*o. Is t/(-12) - (-1192)/6 prime?
True
Suppose -3*r = 5*d + 2*r + 25, -4*d = 5*r + 22. Let g be 1*(d/(-1))/1. Suppose q + g*q = 28. Is q a prime number?
True
Let t(y) = y**3 - 3*y**2 - 3*y - 2. Let k be t(4). Let l be 1 - (-70 - (-4 - 1)). Suppose -k*g = 3*c - 44, g = -2*g + 5*c + l. Is g composite?
True
Suppose -4*k + 9875 = k. Suppose 5*n + 0*n = k. Is n a composite number?
True
Let g(m) = 6*m - 13. Let i be g(3). Suppose -2*d + 4*y = -305 - 1905, -i*d + 4*y + 5507 = 0. Is d a prime number?
False
Let b(o) = -4842*o - 79. Is b(-6) a composite number?
True
Let p(v) = -v**2 + 10*v + 6. Let f be p(6). Suppose -w + f = -661. Let z = -478 + w. Is z composite?
True
Let c = -46188 - -93275. Is c a composite number?
False
Let p = 31563 + 634. Is p composite?
True
Suppose -7*l + 2*l + 4800 = 0. Suppose -4*u + 744 = -0*u - 4*p, 5*u = -5*p + l. Suppose 4*a - u = a + 3*m, -3*a - 2*m = -169. Is a a prime number?
True
Let l be (-2)/(2/(-4)*4). Let q be 108 + (0 - 1) - l. Suppose -d + q = d. Is d a composite number?
False
Let n(j) = 2*j**3 - 4*j**2 - 4*j + 9. Let w be 9 + (1*-10)/5. Is n(w) prime?
False
Is ((-57046)/(-6))/(12/(-18) - -1) prime?
False
Let k be (-9)/((-4)/((-16)/(-4))). Suppose 4*j = k*j - 1800. Suppose s - 3*h + 166 = 3*s, 4*s = h + j. Is s a composite number?
False
Suppose 3*x + 5*p = 113848, 3*x = -111*p + 113*p + 113855. Is x composite?
False
Let r(s) = -2328*s**3 + s**2 - s - 2. Let o be r(-1). Suppose -o = 4*h - 12*h. Is h prime?
False
Suppose -59747 = -131*x + 80292. Is x prime?
True
Suppose -133 = 13*d - 14*d. Suppose -2*g + 5*i = -251, g - 2*i = 2*i + d. Is g a composite number?
False
Let b = -435 + 739. Let g = 275 + b. Is g composite?
True
Let z = -13 - -18. Let j(m) = m**2. Let t(g) = -91*g**2 - g + 2. Let q(l) = z*j(l) - t(l). Is q(3) a prime number?
False
Suppose 41*f - 35*f = 74838. Is f prime?
True
Let d(f) = -522*f - 301. Is d(-7) a prime number?
False
Let j be 90/36 - (-2)/(-4). Suppose v + 2*g - 1094 = g, -3*v = -j*g - 3297. Is v a prime number?
True
Is ((-6)/5)/(69/(-468395)) a composite number?
True
Let q(t) = -8*t**2 + 4*t + 5. Let i be q(-2). Let y be (3 + 84/(-20))*i. Suppose -y = -g - 7. Is g a prime number?
False
Suppose 4*j = 20, -3*x + 2*j + 13 = j. Let m(d) = 5*d**2 + 8*d - 18. Let b be m(x). Suppose n + 33 = b. Is n composite?
True
Let n(g) = -769*g**3 - 2*g**2 - 23*g - 47. Is n(-4) a prime number?
False
Let s = -7792 - -12699. Is s a composite number?
True
Suppose 19 = 2*g - 467. Suppose -4*m - g = 777. Let r = -181 - m. Is r composite?
True
Let y = 13276 + -693. Is y composite?
False
Let h be 2/(-10) + (-88)/(-40). Let r be 3/(h - -1) - -157. Is (2/2 - -2) + r composite?
True
Suppose 2*l + 4 = 0, -5*l = -4*t - 0*t + 7330. Let s = t + -10788. Is (-2)/11 + s/(-22) composite?
True
Suppose -4 = -9*m + 5*m. Let r be 0/(-2) + 3 + m. Suppose -2*a - 4*l = -194, r*l + 209 = 5*a - 206. Is a composite?
True
Suppose 47 = -0*r + 5*r + 4*h, r = -3*h + 16. Is 2*491*-1*r/(-14) a prime number?
True
Suppose -6*h + h = -2015. Is h a composite number?
True
Let h be (-3)/(-6) - (-5)/2. Suppose h*w - 5 = 10. Suppose 4*t - w*t + 35 = 0. Is t a prime number?
False
Is (-1 - 2/(-6))*(-326697)/658 a composite number?
False
Suppose 4*i + 7496 = 5*w - 12413, i + 15925 = 4*w. Is w a prime number?
False
Suppose 1 = -f + 3. Let m = -1395 + 2349. Suppose 8*c - f*c = m. Is c composite?
True
Let c = -1308 - -3445. Suppose q + q - 8602 = -4*h, 4*q + c = h. Is h a composite number?
True
Suppose -3619 - 83 = 2*q. Let l = q - -3222. Is l composite?
True
Suppose -4*z = 2*u - 22, 4*u + z - 26 = -z. Suppose -1 = -o + u. Suppose 11*t - 482 = o*t - 3*v, -5*v = -2*t + 199. Is t composite?
False
Is (-8 + (-252)/(-24))*(-14078)/(-5) prime?
True
Let x be (-6)/(-4)*(-36)/(-27). Suppose 0*t = 3*z + x*t - 2633, -z - t = -878. Is z composite?
False
Suppose 0 = -0*w + 4*w - 16. Let x = 12 - w. Let p(o) = 4*o - 1. Is p(x) prime?
True
Let x = -3371 + 9578. Is x a composite number?
True
Suppose 9 = 4*l + 25. Is -2 + 195 + l + 2 prime?
True
Let j(v) = v**2 - 5*v + 3. Suppose 0 = -0*m - 4*m + 20. Let c be j(m). Suppose -c*t = 2*t - 275. Is t a prime number?
False
Suppose 4*v + 20 = 3*o - 23, 2*v = 4*o - 44. Suppose 4*t = -4*r + o*r + 6370, t = 3*r + 3815. Is (r/(-20))/((-2)/(-4)) composite?
False
Suppose -r + 5*k = -1172, -5*k - 589 + 4145 = 3*r. Let s be (-16)/(-12)*r/4. Let n = -191 + s. Is n composite?
True
Suppose c = 3*x + 43, -2*x + 28 = -5*c + 282. Let r = 25 + c. Let a = -24 + r. Is a prime?
True
Let x = 3764 + -2237. Is x prime?
False
Suppose 0 = 5*o - o + 18960. Let j be 16/6*o/(-16). Suppose -6*a + j = -a. Is a composite?
True
Let j be ((-5)/(-15)